54?
2, 31, 167, 13901
What are the prime factors of 129885123?
3, 83, 359, 1453
What are the prime factors of 342804696?
2, 3, 13, 23, 31, 67
What are the prime factors of 255820560?
2, 3, 5, 19, 56101
What are the prime factors of 30653614?
2, 439, 34913
What are the prime factors of 710371861?
9613, 73897
List the prime factors of 1120976547.
3, 373658849
List the prime factors of 5904046772.
2, 13, 61, 143177
List the prime factors of 3851029.
7, 13, 101, 419
List the prime factors of 471234170.
2, 5, 11, 359, 11933
What are the prime factors of 167153314?
2, 257, 325201
What are the prime factors of 3863941813?
347, 547, 20357
What are the prime factors of 98424155?
5, 197, 99923
List the prime factors of 226199658.
2, 3, 1019, 36997
List the prime factors of 850437568.
2, 19, 699373
What are the prime factors of 3380155975?
5, 7, 2759311
List the prime factors of 243502167.
3, 81167389
What are the prime factors of 32561555?
5, 13, 500947
What are the prime factors of 1882530861?
3, 17989, 34883
List the prime factors of 645684735.
3, 5, 17, 269, 9413
List the prime factors of 229248220.
2, 5, 41, 279571
List the prime factors of 2455983689.
499, 4921811
List the prime factors of 68445858.
2, 3, 13, 29, 30259
What are the prime factors of 39219101?
39219101
List the prime factors of 87111497.
11, 7919227
List the prime factors of 5257180698.
2, 3, 7, 11, 311, 5227
List the prime factors of 3883262.
2, 59, 32909
What are the prime factors of 2030291703?
3, 11, 1489, 4591
List the prime factors of 112546503.
3, 463, 3001
List the prime factors of 28621023.
3, 71, 134371
List the prime factors of 221760386.
2, 227, 488459
List the prime factors of 1632687158.
2, 41, 3373, 5903
What are the prime factors of 1221972217?
29, 2351, 17923
What are the prime factors of 54315621?
3, 6035069
What are the prime factors of 38928897?
3, 7, 281, 733
List the prime factors of 1641465136.
2, 102591571
List the prime factors of 2001495599.
293, 6831043
List the prime factors of 802893556.
2, 181, 859, 1291
List the prime factors of 54994300.
2, 5, 549943
List the prime factors of 204713822.
2, 37, 601, 4603
List the prime factors of 276425555.
5, 7, 7897873
List the prime factors of 43109638.
2, 11, 13, 71, 193
List the prime factors of 2867140502.
2, 167, 8584253
What are the prime factors of 577119068?
2, 144279767
What are the prime factors of 1691372049?
3, 563790683
List the prime factors of 52610268.
2, 3, 4384189
List the prime factors of 32830874.
2, 73, 224869
What are the prime factors of 158399954?
2, 79199977
What are the prime factors of 248071841?
2131, 116411
What are the prime factors of 400723?
400723
What are the prime factors of 8494613100?
2, 3, 5, 19, 165587
What are the prime factors of 43576826?
2, 83, 262511
What are the prime factors of 734776742?
2, 7, 179, 293207
What are the prime factors of 468901231?
311, 313, 4817
What are the prime factors of 94462551?
3, 3498613
What are the prime factors of 62645227?
587, 106721
List the prime factors of 126784341.
3, 41, 343589
List the prime factors of 1200380893.
47, 25540019
What are the prime factors of 288362815?
5, 13, 4436351
What are the prime factors of 48162289?
7, 6880327
List the prime factors of 2072282970.
2, 3, 5, 79, 353, 2477
List the prime factors of 112010695.
5, 839, 26701
What are the prime factors of 360536732?
2, 37, 2436059
List the prime factors of 258489142.
2, 129244571
List the prime factors of 296964023.
1889, 157207
List the prime factors of 42930607.
42930607
List the prime factors of 96278060.
2, 5, 1583, 3041
List the prime factors of 8116335531.
3, 29, 59, 527069
What are the prime factors of 1295943729?
3, 79, 5468117
List the prime factors of 941964831.
3, 2003, 52253
List the prime factors of 1637698056.
2, 3, 68237419
List the prime factors of 99005604.
2, 3, 2777, 2971
What are the prime factors of 6818223061?
13, 43, 167, 73037
List the prime factors of 1438760441.
29, 3089, 16061
List the prime factors of 1844041272.
2, 3, 17, 4519709
What are the prime factors of 1855939333?
41, 45266813
What are the prime factors of 16862107?
1753, 9619
What are the prime factors of 53161536?
2, 3, 276883
What are the prime factors of 7435284933?
3, 41, 71, 851401
List the prime factors of 103773261.
3, 61, 567067
What are the prime factors of 29111647?
191, 152417
List the prime factors of 10494276.
2, 3, 13, 67271
What are the prime factors of 5029741862?
2, 2514870931
List the prime factors of 2802939259.
46771, 59929
What are the prime factors of 729884940?
2, 3, 5, 37, 328777
List the prime factors of 4575121555.
5, 915024311
List the prime factors of 4146171486.
2, 3, 691028581
List the prime factors of 271025173.
43, 59, 317, 337
List the prime factors of 1774113138.
2, 3, 7, 4693421
List the prime factors of 1693571644.
2, 293, 1109, 1303
What are the prime factors of 58872331?
7, 157, 53569
What are the prime factors of 2877049567?
7, 61, 6737821
What are the prime factors of 89430446?
2, 7, 439, 14551
List the prime factors of 3474259549.
23, 151054763
List the prime factors of 831483533.
47, 2333, 7583
What are the prime factors of 324141914?
2, 162070957
List the prime factors of 253341405.
3, 5, 37, 67, 757
What are the prime factors of 90706106?
2, 45353053
What are the prime factors of 3017664140?
2, 5, 47, 613, 5237
What are the prime factors of 159447755?
5, 191, 199, 839
List the prime factors of 442248.
2, 3, 18427
What are the prime factors of 3122198734?
2, 127, 12292121
List the prime factors of 61028042.
2, 227, 229, 587
What are the prime factors of 2605164251?
2605164251
List the prime factors of 216060327.
3, 7, 17, 67, 3011
List the prime factors of 15272084.
2, 3818021
List the prime factors of 581140065.
3, 5, 11, 3522061
What are the prime factors of 105837493?
191, 554123
What are the prime factors of 84145187?
7, 12020741
What are the prime factors of 427732762?
2, 213866381
What are the prime factors of 2947052871?
3, 7, 587, 79691
What are the prime factors of 4493956959?
3, 23, 21709937
What are the prime factors of 52485672?
2, 3, 2186903
What are the prime factors of 3322465404?
2, 3, 223, 1241579
List the prime factors of 100470624.
2, 3, 23, 45503
List the prime factors of 20119208.
2, 173, 14537
List the prime factors of 477941235.
3, 5, 31862749
What are the prime factors of 141262891?
7, 11, 19, 96557
What are the prime factors of 58246774?
2, 1049, 27763
List the prime factors of 1082709405.
3, 5, 1093, 22013
List the prime factors of 868338003.
3, 13, 22265077
List the prime factors of 256104158.
2, 37, 3460867
List the prime factors of 37902607.
37902607
What are the prime factors of 210819636?
2, 3, 37, 163, 971
What are the prime factors of 26987951?
29, 930619
List the prime factors of 2935821847.
7, 61, 6875461
What are the prime factors of 46193252?
2, 7, 1649759
List the prime factors of 1698405827.
1698405827
What are the prime factors of 245107857?
3, 2017, 40507
List the prime factors of 617714390.
2, 5, 4001, 15439
What are the prime factors of 55361489?
97, 570737
List the prime factors of 74608020.
2, 3, 5, 138163
List the prime factors of 270378533.
59, 109, 42043
What are the prime factors of 1521869453?
13, 29, 31, 107, 1217
List the prime factors of 75930583.
7043, 10781
What are the prime factors of 33643509?
3, 19, 29, 20353
What are the prime factors of 1030057400?
2, 5, 59, 87293
What are the prime factors of 219848633?
199, 1104767
List the prime factors of 106860369.
3, 7, 11, 23, 20113
List the prime factors of 16147701.
3, 19, 31477
What are the prime factors of 227956161?
3, 75985387
List the prime factors of 6079133.
6079133
What are the prime factors of 46749253?
19, 2460487
What are the prime factors of 399388032?
2, 3, 83, 4177
List the prime factors of 151659263.
7, 23, 37, 3637
List the prime factors of 885270093.
3, 809, 364759
List the prime factors of 1999163035.
5, 73, 5477159
What are the prime factors of 78640979?
23, 761, 4493
What are the prime factors of 75896551?
17, 101, 44203
List the prime factors of 231307404.
2, 3, 41, 229, 2053
What are the prime factors of 163641157?
31, 53, 137, 727
What are the prime factors of 1505985208?
2, 7, 13, 31, 9533
List the prime factors 